 s and 680?
40
Suppose 2*z - 275 = -5*x - 0*z, -x + 48 = -z. Suppose -x*n = -45*n - 7392. What is the highest common divisor of 42 and n?
42
Let o be (-4)/(-14)*-1 - 234/(-63)*286. Calculate the greatest common divisor of o and 1888.
118
Let g be 1/5 - 6732/(-340). Let m = 9 - -7. What is the greatest common factor of g and m?
4
Let s = -4829 + 10057. What is the highest common divisor of 8 and s?
4
Let d(o) = -33*o + 399. Let k be d(7). What is the highest common divisor of k and 1192?
8
Let w(a) = 5*a**2 - a + 3. Suppose 32 = 2*u + 28. Let q be w(u). Suppose -4*t + 3*t + 168 = 0. What is the highest common divisor of q and t?
21
Let d(j) = 139*j - 32. Let k be d(3). Calculate the highest common factor of 825 and k.
55
Let h be 2 + 23390/(-75) - 8/60. Let b be (-27373)/h - (-3)/(-10). What is the greatest common divisor of b and 66?
22
Let h = 1367 - -41. What is the greatest common factor of h and 512?
128
Let d = -467 + 912. Suppose 4*b - b - 5*x - 245 = 0, -d = -5*b + x. Suppose 0 = 205*j - 178*j - 270. What is the highest common divisor of b and j?
10
Let i be 2/(-6) + (-1835)/(-15)*7. Suppose -15*g + 113 = -79 + 72. Calculate the highest common factor of g and i.
8
Suppose -507 = -15*j + 2*j. Let o be 5*((-36)/20 + 6) - 8. Calculate the greatest common divisor of j and o.
13
Suppose -10 = 33*y - 274. What is the greatest common factor of y and 250?
2
Let u be 132/22 - (-192 - 1). Suppose 0 = -3*z + u - 163. Let m = 10 - 7. What is the highest common factor of z and m?
3
Suppose -38*i + 74*i - 2232 = -57*i. What is the greatest common factor of i and 3858?
6
Let k be 6/(-2)*-1*(96 - 97). Let r be 7676/20 - k/15. Calculate the highest common factor of r and 12.
12
Suppose -3*s + 4*f = -117 + 9, f + 72 = 3*s. Suppose -5*o + m = -m - 1904, -2*o + 764 = -2*m. What is the highest common factor of o and s?
20
Let r(y) = 4*y**2 - 89*y - 279. Let x be r(-3). Calculate the highest common factor of x and 2056.
8
Let p be (540/50 - 11)*-2745. What is the greatest common divisor of 22875 and p?
183
Let h = 1774 + -1765. Calculate the highest common divisor of 1 and h.
1
Let h(o) = 0 + 8*o**2 + 14 - 14*o + 5*o + 2. Let a be h(2). Let c be 14/((-28)/(-42) - 8/a). Calculate the highest common factor of 5 and c.
5
Suppose -12*r + 3*l = -7*r - 61, -13 = -2*r + 5*l. What is the highest common divisor of r and 2366?
14
Let m = -160 + 241. Let t = -84 + m. Let k(g) = -2*g**3 - 2*g**2 + 2*g + 12. Let s be k(t). Calculate the highest common divisor of s and 28.
14
Let f(d) = d + 52. Let x be f(24). Let o = -1258 + 497. Let u be (-7)/28 - o/4. What is the greatest common divisor of u and x?
38
Let l = 114 - 110. Suppose -2*g - 10 = -4*g. Suppose -9*v + g = -l*v. Calculate the highest common factor of v and 5.
1
Let x(b) = 85*b**2 + 11*b + 6. Let m be x(3). Let s = -462 + m. Calculate the greatest common factor of 18 and s.
18
Let f = 46051 + -36628. Calculate the highest common factor of 54 and f.
27
Let t be ((-216)/4)/((-7)/294*6). Let i(h) = 11*h - 1. Let a be i(5). What is the greatest common divisor of a and t?
54
Let x(j) = j**3 - 104*j**2 + 117*j - 959. Let d be x(103). Calculate the greatest common factor of d and 5957.
161
Suppose -2*d = x - 20, -2*x = 54*d - 55*d - 20. Let v be -3 - ((-71)/4 - 3/x). What is the highest common divisor of v and 660?
15
Let d(l) = -l**3 - 3*l**2 - 9*l + 34. Let v be d(-10). Calculate the greatest common divisor of v and 8.
8
Let v(y) = -13*y - 1. Let i be v(-2). Let d = -1398 + 1404. Suppose 0 = -2*l - d*w + 9*w + 247, -129 = -l - 4*w. What is the greatest common factor of i and l?
25
Let d = 978 - 943. Calculate the greatest common factor of d and 623.
7
Suppose -4*u + 5*x + 4305 = -2955, -3*x = -5*u + 9088. Let a = u + -1289. What is the greatest common factor of 9 and a?
9
Let j = -2134 - -2170. Calculate the highest common divisor of j and 576.
36
Let d be (167 + -3)/((-3)/(-396)). Let q be (d/18)/11 - 4/(-6). What is the highest common divisor of q and 44?
22
Suppose -14*h + 12 = -11*h. Suppose -5*z - 2*n = -446, -h*z + 7*n - 9*n + 358 = 0. Calculate the greatest common factor of 8 and z.
8
Let o = -2 - -17. Let u = 186 + -187. Let s be (u/(-3) + (-42)/(-36))*20. What is the greatest common factor of o and s?
15
Suppose -5 = -4*y - 13, -38 = -2*u - 2*y. Let o(c) = -c**2 + u*c - c**2 + 3*c**2 + 32. Let j be o(-21). Calculate the greatest common divisor of 352 and j.
32
Suppose -128 = -6*w - 278. Let z be (-320)/w - 6 - (-2)/10. What is the greatest common factor of 119 and z?
7
Suppose 0 = -205*o + 200*o - 4*f + 852, f = -2. Calculate the highest common factor of 1290 and o.
86
Let l = 54 - 54. Suppose l = -r - 39 + 42. Suppose g + 10 = j, -3*g = r*j - 17 - 13. What is the highest common factor of 10 and j?
10
Let l(h) = 523*h**2 - 2*h - 1. Let w be l(1). Let u = -421 + w. What is the highest common divisor of 44 and u?
11
Let p = 8374 + -8368. What is the highest common divisor of p and 384?
6
Suppose z = 539 + 804 + 267. Calculate the highest common divisor of z and 70.
70
Let x = -165061 + 165062. Let o(y) = -8*y**3 - y - 1. Let q be o(-1). Let u = 27 - q. Calculate the greatest common divisor of u and x.
1
Let h be -1 + (-46)/(-8) + (-13)/(-52). Let o(a) = -35*a - 235. Let n be o(-18). Calculate the greatest common divisor of n and h.
5
Let t(l) = 2*l**3 + 54*l**2 + 166*l + 45. Let s be t(-22). What is the greatest common factor of s and 9?
9
Let f = -12648 + 12883. What is the greatest common factor of 145 and f?
5
Suppose -186*o + 36*o = -407400. Calculate the highest common divisor of o and 56.
28
Let o(b) = -7*b**2 + 654*b - 108. Let d be o(69). What is the highest common factor of d and 54?
27
Let i(z) = -21 + 3*z**2 + 60 - 22*z - 11. Let o be i(12). What is the greatest common divisor of 28 and o?
28
Suppose 28*b - 121 - 103 = 0. Suppose b - 9 = -q. What is the greatest common divisor of q and 25?
1
Let y be ((-188)/(-3) - 6/(-2))*3. Let s = y + -29. Let g = -88 + s. What is the greatest common factor of 20 and g?
20
Let x(b) be the second derivative of -b**4/12 - b**3/6 + 8*b**2 - 3*b + 2. Let v be x(0). Calculate the highest common factor of 40 and v.
8
Let k = -4345 + 5621. What is the greatest common divisor of k and 77?
11
Let f = 332 + -164. Let t be ((-2)/(-24)*-9)/((-1)/4). Suppose -3*b + 38 = -3*v - 2*v, -t*b + 58 = -v. What is the greatest common factor of f and b?
21
Let f(t) = -t**3 - 14*t**2 - 22*t - 82. Let d be f(-15). Suppose -2*u = -2*m - 80, -4*m + 20 = -u + 51. What is the highest common factor of u and d?
43
Let v = 60 - -72. Suppose 0 = -135*d + 129*d + v. What is the highest common divisor of d and 451?
11
Let p be (-3 + 2)/(-6*49/4410). Let q = 289 + 127. Suppose -b + r + 101 = 0, 4*b - 4*r - q = -3*r. Calculate the greatest common divisor of p and b.
15
Let d be -1 + (972/4 - 0 - -3). Let u = -133 + d. Calculate the highest common factor of u and 84.
28
Let s(b) = 6*b + 35. Let m be s(-5). Suppose -q - m*x - 156 = -2*q, 2*q - 319 = 3*x. Calculate the greatest common factor of q and 14.
7
Let l = 61 + -42. Let x = -26 + 56. Let a = x - 11. What is the highest common factor of l and a?
19
Let i(j) = -153*j + 5105. Let f be i(33). Calculate the greatest common factor of f and 36064.
56
Let w(r) = -r**3 + r - 19. Let n be w(0). Let j = -6 - n. What is the highest common factor of 143 and j?
13
Suppose 49*s - 21*s = -39*s + 32562. Calculate the greatest common factor of s and 3726.
162
Suppose 38*q + 3*q - 164 = 0. Let o be -22 + 24 - (-139 - -1). What is the highest common factor of o and q?
4
Let u be 6/21 + (-556)/(-14). Let w be (-321)/(-8) + -3 + (-88)/704. Suppose u*s = w*s + 21. What is the highest common divisor of 49 and s?
7
Suppose -4*d = -4*a - 648, -2*d + 5*a - 4*a = -322. What is the greatest common factor of 2260 and d?
20
Let h = 728 + -728. Let a(x) = -x**2 + 35*x + 30. Let s be a(h). What is the highest common divisor of s and 55?
5
Suppose 0 = -4*x + 3*w - 2*w + 41, -55 = -5*x + 2*w. Suppose -3*u - 54 = -x*u. Let p = 31 - u. What is the greatest common factor of 242 and p?
22
Suppose -4*x + 0 = -8. Suppose 0 = 795*l - 790*l - 2*k - 232, 8*l = -2*k + 418. Calculate the highest common divisor of x and l.
2
Let q(u) = u**2 + 38*u + 10. Let n = 166 - 149. Let s be q(n)